{"id":1057,"date":"2015-07-27T22:59:53","date_gmt":"2015-07-27T20:59:53","guid":{"rendered":"https:\/\/mikzz.dk\/?page_id=1057"},"modified":"2018-02-19T19:56:27","modified_gmt":"2018-02-19T18:56:27","slug":"silkeborg-soeerne-2","status":"publish","type":"page","link":"https:\/\/mikzz.dk\/?page_id=1057","title":{"rendered":"Silkeborg S\u00f8erne"},"content":{"rendered":"<h5>I de fleste Silkeborg S\u00f8er er det muligt at fange:<\/h5>\n<p>Gedde, aborre, sandart, skaller, brasen, helt, s\u00f8\u00f8rred, \u00e5l<\/p>\n<table style=\"background-color: #d9d7d7;\" border=\"0\" cellspacing=\"0\" cellpadding=\"0\">\n<tbody>\n<tr>\n<td><\/td>\n<td style=\"text-align: center;\"><strong>Hav-\/ og s\u00f8\u00f8rred:<\/strong><\/td>\n<td style=\"text-align: center;\"><strong>Sandart:<\/strong><\/td>\n<td style=\"text-align: center;\"><strong>Gedde:<\/strong><\/td>\n<\/tr>\n<tr>\n<td><strong>Mindstem\u00e5l:<\/strong><\/td>\n<td style=\"text-align: center;\">&#8211;<\/td>\n<td style=\"text-align: center;\">50 cm<\/td>\n<td style=\"text-align: center;\">50 cm<\/td>\n<\/tr>\n<tr>\n<td><strong>Fredning:<\/strong><\/td>\n<td style=\"text-align: center;\">100% Fredet pr. 2018<\/td>\n<td style=\"text-align: center;\">1. april &#8211; 31. maj<\/td>\n<td style=\"text-align: center;\">1. april &#8211; 30. april<\/td>\n<\/tr>\n<\/tbody>\n<\/table>\n<p><em>Se mere info hos <a href=\"http:\/\/silkeborg-fiskeriforening.dk\/regler\/fredning-mindstemaal\/\" target=\"_blank\" rel=\"noopener\">Silkeborg Fiskeriforening SFS-1869<\/a><\/em><\/p>\n<p>Der er rigtig mange m\u00e5der at gribe fiskeriet an p\u00e5 i Silkeborg s\u00f8erne. De fleste vil foretr\u00e6kke at bruge deres b\u00e5d til fiskeriet, da det g\u00f8r det muligt komme til ellers umulige pladser. Dermed er det ikke sagt at det er umuligt at fiske fra land.<\/p>\n<p>Jeg fisker selvf\u00f8lgelig gerne med <a href=\"https:\/\/mikzz.dk\/?page_id=1027\">Neptun <\/a>rundt i Silkeborg s\u00f8erne, men jeg kan sagtens finde p\u00e5 at placere mig med et fl\u00e5d og en b\u00f8tte majs efter skaller.<\/p>\n<p>P\u00e5 nedenst\u00e5ende kort vil jeg med tiden indtaste mine spots i Silkeborg Langs\u00f8 hvor jeg fisker mest.<\/p>\n<p><strong>For tiden ser det s\u00e5ledes ud:<\/strong><\/p>\n<p><a href=\"https:\/\/mikzz.dk\/wp-content\/uploads\/2015\/07\/silkeborg_langsoe2.jpg\"><img loading=\"lazy\" decoding=\"async\" class=\"alignnone wp-image-2195 size-large\" src=\"https:\/\/mikzz.dk\/wp-content\/uploads\/2015\/07\/silkeborg_langsoe2-1024x403.jpg\" alt=\"\" width=\"474\" height=\"187\" srcset=\"https:\/\/mikzz.dk\/wp-content\/uploads\/2015\/07\/silkeborg_langsoe2-1024x403.jpg 1024w, https:\/\/mikzz.dk\/wp-content\/uploads\/2015\/07\/silkeborg_langsoe2-300x118.jpg 300w, https:\/\/mikzz.dk\/wp-content\/uploads\/2015\/07\/silkeborg_langsoe2-768x302.jpg 768w, https:\/\/mikzz.dk\/wp-content\/uploads\/2015\/07\/silkeborg_langsoe2.jpg 1450w\" sizes=\"auto, (max-width: 474px) 100vw, 474px\" \/><\/a><\/p>\n<ol>\n<li>I den \u00f8stlige ende har jeg med succes fisket med wobler, d\u00f8rget efter b\u00e5den. Det er blevet til Gedde og Sandart samt lidt mindre aborre.<\/li>\n<li>Disse steder har det v\u00e6ret godt med aborre. B\u00e5de som spin, men ogs\u00e5 den klassiske med orm<\/li>\n<li>Den vestlige ende har ogs\u00e5 budt p\u00e5 enkelte gedder, dog ikke de store af slagsen<\/li>\n<li>Begge steder ved stregerne er det super &#8220;land-fiskeri&#8221; efter aborre, skalle og brasen<\/li>\n<li>I det lille indhug er det hyggeligt at sidde med majs og orm, mens man venter p\u00e5 at aborre, skaller og brasen kommer forbi<\/li>\n<li>Slotsholmen er det perfekte sted for spin eller mede fra land efter Skaller, Gedde og aborre<\/li>\n<\/ol>\n","protected":false},"excerpt":{"rendered":"<p>I de fleste Silkeborg S\u00f8er er det muligt at fange: Gedde, aborre, sandart, skaller, brasen, helt, s\u00f8\u00f8rred, \u00e5l Hav-\/ og s\u00f8\u00f8rred: Sandart: Gedde: Mindstem\u00e5l: &#8211; 50 cm 50 cm Fredning: 100% Fredet pr. 2018 1. april &#8211; 31. maj 1. april &#8211; 30. april Se mere info hos Silkeborg Fiskeriforening SFS-1869 Der er rigtig mange &#8230; <a title=\"Silkeborg S\u00f8erne\" class=\"read-more\" href=\"https:\/\/mikzz.dk\/?page_id=1057\" aria-label=\"Read more about Silkeborg S\u00f8erne\">Read more<\/a><\/p>\n","protected":false},"author":1,"featured_media":0,"parent":1795,"menu_order":1,"comment_status":"closed","ping_status":"closed","template":"template-full-width.php","meta":{"footnotes":""},"class_list":["post-1057","page","type-page","status-publish"],"_links":{"self":[{"href":"https:\/\/mikzz.dk\/index.php?rest_route=\/wp\/v2\/pages\/1057","targetHints":{"allow":["GET"]}}],"collection":[{"href":"https:\/\/mikzz.dk\/index.php?rest_route=\/wp\/v2\/pages"}],"about":[{"href":"https:\/\/mikzz.dk\/index.php?rest_route=\/wp\/v2\/types\/page"}],"author":[{"embeddable":true,"href":"https:\/\/mikzz.dk\/index.php?rest_route=\/wp\/v2\/users\/1"}],"replies":[{"embeddable":true,"href":"https:\/\/mikzz.dk\/index.php?rest_route=%2Fwp%2Fv2%2Fcomments&post=1057"}],"version-history":[{"count":0,"href":"https:\/\/mikzz.dk\/index.php?rest_route=\/wp\/v2\/pages\/1057\/revisions"}],"up":[{"embeddable":true,"href":"https:\/\/mikzz.dk\/index.php?rest_route=\/wp\/v2\/pages\/1795"}],"wp:attachment":[{"href":"https:\/\/mikzz.dk\/index.php?rest_route=%2Fwp%2Fv2%2Fmedia&parent=1057"}],"curies":[{"name":"wp","href":"https:\/\/api.w.org\/{rel}","templated":true}]}}