{"id":3529,"date":"2017-03-09T22:33:20","date_gmt":"2017-03-09T21:33:20","guid":{"rendered":"https:\/\/mikzz.dk\/?page_id=3529"},"modified":"2022-02-03T20:05:25","modified_gmt":"2022-02-03T19:05:25","slug":"djursland","status":"publish","type":"page","link":"https:\/\/mikzz.dk\/?page_id=3529","title":{"rendered":"Djursland"},"content":{"rendered":"<h5>Mindste m\u00e5l<\/h5>\n<p><strong>Fredningstid: <\/strong>16. nov \u2013 15. jan Alle farvande (i yngledragt)<br \/>\n<strong>Mindstem\u00e5l: <\/strong>40 cm<strong><br \/>\n<\/strong><\/p>\n<p>I saltvand g\u00e6lder fredning af laks og \u00f8rred kun farvede fisk, dvs. fisk i yngledragt. I fredningsperioden m\u00e5 du kun tage helt blanke fisk med l\u00f8se sk\u00e6l med hjem. Farvede fisk skal straks og s\u00e5 n\u00e6nsomt som muligt genuds\u00e6ttes<\/p>\n<p>&nbsp;<\/p>\n<p>&nbsp;<\/p>\n<h5>Djursland fiskepladser<\/h5>\n<p><iframe loading=\"lazy\" src=\"https:\/\/www.google.com\/maps\/d\/embed?mid=1vEAHvzeeo_7_5xtP6CnVf3oZzdMob7Fi\" width=\"100%\" height=\"680\"><\/iframe><\/p>\n","protected":false},"excerpt":{"rendered":"<p>Mindste m\u00e5l Fredningstid: 16. nov \u2013 15. jan Alle farvande (i yngledragt) Mindstem\u00e5l: 40 cm I saltvand g\u00e6lder fredning af laks og \u00f8rred kun farvede fisk, dvs. fisk i yngledragt. I fredningsperioden m\u00e5 du kun tage helt blanke fisk med l\u00f8se sk\u00e6l med hjem. Farvede fisk skal straks og s\u00e5 n\u00e6nsomt som muligt genuds\u00e6ttes &nbsp; &#8230; <a title=\"Djursland\" class=\"read-more\" href=\"https:\/\/mikzz.dk\/?page_id=3529\" aria-label=\"Read more about Djursland\">Read more<\/a><\/p>\n","protected":false},"author":1,"featured_media":0,"parent":1795,"menu_order":0,"comment_status":"closed","ping_status":"closed","template":"","meta":{"footnotes":""},"class_list":["post-3529","page","type-page","status-publish"],"_links":{"self":[{"href":"https:\/\/mikzz.dk\/index.php?rest_route=\/wp\/v2\/pages\/3529","targetHints":{"allow":["GET"]}}],"collection":[{"href":"https:\/\/mikzz.dk\/index.php?rest_route=\/wp\/v2\/pages"}],"about":[{"href":"https:\/\/mikzz.dk\/index.php?rest_route=\/wp\/v2\/types\/page"}],"author":[{"embeddable":true,"href":"https:\/\/mikzz.dk\/index.php?rest_route=\/wp\/v2\/users\/1"}],"replies":[{"embeddable":true,"href":"https:\/\/mikzz.dk\/index.php?rest_route=%2Fwp%2Fv2%2Fcomments&post=3529"}],"version-history":[{"count":0,"href":"https:\/\/mikzz.dk\/index.php?rest_route=\/wp\/v2\/pages\/3529\/revisions"}],"up":[{"embeddable":true,"href":"https:\/\/mikzz.dk\/index.php?rest_route=\/wp\/v2\/pages\/1795"}],"wp:attachment":[{"href":"https:\/\/mikzz.dk\/index.php?rest_route=%2Fwp%2Fv2%2Fmedia&parent=3529"}],"curies":[{"name":"wp","href":"https:\/\/api.w.org\/{rel}","templated":true}]}}